0, what is -620989 + -7?
-620996
In base 10, what is 1228460 - 21?
1228439
In base 2, what is 111110 - 1001101011000100110?
-1001101010111101000
In base 2, what is 110010000100 + -1000110111100101001?
-1000110001010100101
In base 11, what is -11213883 + -4?
-11213887
In base 8, what is -1110000 + 3041?
-1104737
In base 6, what is -5 - 22134440?
-22134445
In base 8, what is 61420 - -67?
61507
In base 7, what is 4 + -151641646?
-151641642
In base 13, what is -58a - 533?
-ac0
In base 6, what is -215302 - -1012?
-214250
In base 8, what is -11550732476 + -4?
-11550732502
In base 6, what is -235022 - -12221?
-222401
In base 15, what is 3e5 - -25d88?
2627d
In base 8, what is -556475 + -76?
-556573
In base 9, what is -73665 - -4?
-73661
In base 6, what is 22434540 - 11?
22434525
In base 10, what is 41290763 + 5?
41290768
In base 14, what is 53 - -d32b6?
d3329
In base 16, what is bc0aacf - 5?
bc0aaca
In base 3, what is -20010221222222 - 10?
-20010222000002
In base 8, what is 5 - -346347511?
346347516
In base 2, what is 10 - -111000011100100011000110?
111000011100100011001000
In base 7, what is -16002164161 + 4?
-16002164154
In base 5, what is 1210002411 - 3?
1210002403
In base 15, what is -1775cd2 + 29?
-1775ca8
In base 15, what is -32 + 16a28?
169e6
In base 10, what is -5 + 8273012?
8273007
In base 9, what is 0 + -101337224?
-101337224
In base 9, what is 3 + -61367847?
-61367844
In base 16, what is -1 + -b3fd8?
-b3fd9
In base 2, what is -101 + -100010001001110010000001010?
-100010001001110010000001111
In base 3, what is 20120 - -211000110?
211021000
In base 15, what is 15a24cc - 1?
15a24cb
In base 15, what is -2c58 - e79?
-3bd2
In base 16, what is 2abb6 + 71?
2ac27
In base 15, what is 13157 + -1de6?
11261
In base 13, what is -34a3b88 + -1?
-34a3b89
In base 15, what is 51500 - da?
51415
In base 9, what is 411427 - -173?
411611
In base 4, what is -3023211030 - 21?
-3023211111
In base 12, what is -198 - -46b82?
469a6
In base 15, what is -d - 205716?
-205724
In base 13, what is 0 + 7b2992?
7b2992
In base 8, what is 7174752 + 73?
7175045
In base 16, what is 4fd91 - -4b?
4fddc
In base 16, what is 55eaec + 0?
55eaec
In base 6, what is 4 + -202355501?
-202355453
In base 7, what is 216646634 + 4?
216646641
In base 15, what is 1c83ede + -8?
1c83ed6
In base 7, what is 2135060 - -151?
2135241
In base 14, what is 56 - -36b86?
36bdc
In base 6, what is -12430235 + 10301?
-12415534
In base 3, what is 11122100120211022 - 0?
11122100120211022
In base 12, what is -33099 - -182?
-32b17
In base 13, what is bbc4c - 820?
bb42c
In base 10, what is 1 + 1048500?
1048501
In base 10, what is -3 - -24716906?
24716903
In base 12, what is 251080 - 328?
250954
In base 16, what is 1a + 2f47a1?
2f47bb
In base 4, what is -12203320200120 - 2?
-12203320200122
In base 5, what is -212011231114 - 2?
-212011231121
In base 2, what is 10001110000 + -1100010111100111?
-1100000101110111
In base 15, what is -2 - -36ad12?
36ad10
In base 9, what is -82 + 46328?
46236
In base 4, what is -32 - 103313101123?
-103313101221
In base 7, what is -5350662 - 306?
-5351301
In base 4, what is 11312 + -2101311301?
-2101233323
In base 3, what is -22 - 12102000001220?
-12102000002012
In base 9, what is 42570 - 11088?
31471
In base 16, what is -1056e - d72?
-112e0
In base 7, what is 15 + 106222125?
106222143
In base 13, what is 413ca09 - -28?
413ca34
In base 13, what is 37447cb - 6?
37447c5
In base 3, what is 121221120 - -100200110?
222122000
In base 11, what is -2 + -38a047?
-38a049
In base 14, what is -15ca2 + -389?
-1624b
In base 3, what is 211 + 20001020222122?
20001021000110
In base 5, what is 4002 - 13302001?
-13242444
In base 16, what is -17090c + 11?
-1708fb
In base 7, what is 15435332 - -6?
15435341
In base 8, what is 2 - -213021721?
213021723
In base 8, what is -137432206 + -4?
-137432212
In base 14, what is 5951 - 65dc?
-a8b
In base 11, what is -3 - 214422a?
-2144232
In base 7, what is 2 + -310350203?
-310350201
In base 4, what is 3333301130 - -10012?
3333311202
In base 14, what is -2 - 2d37b50?
-2d37b52
In base 9, what is 4 - 411653?
-411648
In base 3, what is -12 - -202200111010001?
202200111002212
In base 7, what is -560 + -2214440?
-2215330
In base 16, what is 10c80c7 + 0?
10c80c7
In base 7, what is -25246120 + -12?
-25246132
In base 15, what is -de2543 + -4?
-de2547
In base 2, what is 10111101110111 + -11000011010?
10100101011101
In base 10, what is -2 - 34580?
-34582
In base 6, what is 5023024324 + -1?
5023024323
In base 4, what is 2 - -301220301032?
301220301100
In base 8, what is -511161 + 211?
-510750
In base 2, what is 11100110100 + -1110010011010?
-1010101100110
In base 15, what is -11 + -2cc4c63?
-2cc4c74
In base 7, what is -20420265 + 0?
-20420265
In base 9, what is -6264602 + 6?
-6264585
In base 8, what is -65324353 + -34?
-65324407
In base 15, what is 2306 + -1b9?
213c
In base 4, what is -3233 + -2031122?
-2101021
In base 11, what is 99 + 1006aaa?
1007098
In base 15, what is c84 + -3a32?
-2c9d
In base 5, what is -3 + 11324312044?
11324312041
In base 3, what is -121112211121002 - -1?
-121112211121001
In base 10, what is -112126 + 243?
-111883
In base 14, what is 5598cb0 + 5?
5598cb5
In base 16, what is -1e50e + 8b?
-1e483
In base 9, what is -3 + -5676541?
-5676544
In base 10, what is -4270760 - 1?
-4270761
In base 13, what is 4 - -9c656a8?
9c656ac
In base 14, what is -135 - -bc9c4?
bc88d
In base 7, what is 221 - -52610?
53131
In base 16, what is 85 - a56da?
-a5655
In base 6, what is -5332551 - -105?
-5332442
In base 16, what is 3 - 3076ee7?
-3076ee4
In base 5, what is -10021124332 + -3?
-10021124340
In base 13, what is 4 + -a2154c?
-a21548
In base 10, what is -3 - -5890012?
5890009
In base 6, what is 530124 + 234501?
1205025
In base 16, what is 8 + f858b?
f8593
In base 2, what is 1001101001000100001 + -111010?
1001101000111100111
In base 12, what is a + -1b40b0?
-1b40a2
In base 12, what is 4009 + 10605?
14612
In base 2, what is -10000111010 + 10011101011100000110?
10011101001011001100
In base 7, what is -31504340 - 325?
-31504665
In base 4, what is -220332112 - 201?
-220332313
In base 10, what is 78086 + 68?
78154
In base 6, what is -254503050330 - 4?
-254503050334
In base 11, what is 1220741 + 15?
1220756
In base 9, what is 18001 - -1026?
20027
In base 16, what is 30d555 + -3?
30d552
In base 12, what is 1 - -77a087?
77a088
In base 13, what is -3056 + 4680?
1627
In base 11, what is -29 + 331331?
331303
In base 14, what is -1c2161 - -123?
-1c203c
In base 11, what is -6 - 633a02?
-633a08
In base 6, what is -303 - -3123554?
3123251
In base 4, what is -21111212 - -211?
-21111001
In base 8, what is -5 - -353570?
353563
In base 15, what is 17 - -18783?
1879a
In base 16, what is -2 + -1665cd?
-1665cf
In base 5, what is -2 - 13113232401?
-13113232403
In base 12, what is 20a04379a - -5?
20a0437a3
In base 13, what is -16 - a93b77?
-a93b90
In base 10, what is -185408 + -187?
-185595
In base 10, what is -3 - 37001401?
-37001404
In base 12, what is 11 - -1557536?
1557547
In base 15, what is -2a4 - 755e?
-7813
In base 6, what is 1 + -2242520121?
-2242520120
In base 13, what is 646 - -896?
120c
In base 15, what is 5 + ea6b95?
ea6b9a
In base 16, what is 1b22da8f - 3?
1b22da8c
In base 5, what is -240 + -402423?
-403213
In base 7, what is -3100663264 - 4?
-3100663301
In base 7, what is -1010420320 - 1?
-1010420321
In base 7, what is 2 - 14343154?
-14343152
In base 10, what is 1280 - 4757?
-3477
In base 15, what is -c3a243 + -13?
-c3a256
In base 10, what is 2760818 + -22?
2760796
In base 9, what is -27744 + 671?
-27063
In base 2, what is -100110001011011 + -1001001?
-100110010100100
In base 13, what is -4 + -94679c?
-9467a3
In base 15, what is -4 - -1b60b13?
1b60b0e
In base 10, what is 43178 + -18?
43160
In base 16, what is -a27426 + 4?
-a27422
In base 9, what is 33383 - -35504?
68887
In base 5, what is 12 + 30004413?
30004430
In base 10, what is 26 - -2735938?
2735964
In base 14, what is -5 - -801590?
801589
In base 15, what is -67d40 - -7?
-67d38
In base 15, what is 5 - -302469?
30246e
In base 8, what is 5 + 12605651?
12605656
In base 3, what is -110 - -220201012?
220200202
In base 6, what is -41 + -2400344?
-2400425
In base 16, what is 7e - -10020?
1009e
In base 13, what is -b + -a9a6c63?
-a9a6c71
In